{"id":515,"date":"2011-10-07T17:45:12","date_gmt":"2011-10-07T20:45:12","guid":{"rendered":"http:\/\/oxisdoproblema.com.br\/wp-content\/uploads\/2011\/10\/Elba-Ramalho.jpg"},"modified":"2011-10-07T17:45:12","modified_gmt":"2011-10-07T20:45:12","slug":"elba-ramalho","status":"inherit","type":"attachment","link":"http:\/\/oxisdoproblema.com.br\/?attachment_id=515","title":{"rendered":"Elba Ramalho"},"author":1,"comment_status":"open","ping_status":"open","template":"","meta":[],"description":{"rendered":"<p class=\"attachment\"><a onclick=\"javascript:pageTracker._trackPageview('\/downloads\/wp-content\/uploads\/2011\/10\/Elba-Ramalho.jpg');\"  href='http:\/\/oxisdoproblema.com.br\/wp-content\/uploads\/2011\/10\/Elba-Ramalho.jpg'><img width=\"300\" height=\"175\" src=\"http:\/\/oxisdoproblema.com.br\/wp-content\/uploads\/2011\/10\/Elba-Ramalho-300x175.jpg\" class=\"attachment-medium size-medium\" alt=\"\" decoding=\"async\" loading=\"lazy\" srcset=\"http:\/\/oxisdoproblema.com.br\/wp-content\/uploads\/2011\/10\/Elba-Ramalho-300x175.jpg 300w, http:\/\/oxisdoproblema.com.br\/wp-content\/uploads\/2011\/10\/Elba-Ramalho-1024x598.jpg 1024w\" sizes=\"(max-width: 300px) 100vw, 300px\" \/><\/a><\/p>\n"},"caption":{"rendered":"<p>Espet\u00e1culo da Elba Ramalho na abertura da 46a. Feira de Livros de Frankfurt. Teve gente que n\u00e3o achou o espet\u00e1culo digno do Brasil&#8230;<\/p>\n"},"alt_text":"","media_type":"image","mime_type":"image\/jpeg","media_details":{"width":"2215","height":"1294","hwstring_small":"height='74' width='128'","file":"2011\/10\/Elba-Ramalho.jpg","sizes":{"thumbnail":{"file":"Elba-Ramalho-150x150.jpg","width":"150","height":"150","source_url":"http:\/\/oxisdoproblema.com.br\/wp-content\/uploads\/2011\/10\/Elba-Ramalho-150x150.jpg"},"medium":{"file":"Elba-Ramalho-300x175.jpg","width":"300","height":"175","source_url":"http:\/\/oxisdoproblema.com.br\/wp-content\/uploads\/2011\/10\/Elba-Ramalho-300x175.jpg"},"large":{"file":"Elba-Ramalho-1024x598.jpg","width":"1024","height":"598","source_url":"http:\/\/oxisdoproblema.com.br\/wp-content\/uploads\/2011\/10\/Elba-Ramalho-1024x598.jpg"},"post-thumbnail":{"file":"Elba-Ramalho-940x198.jpg","width":"940","height":"198","source_url":"http:\/\/oxisdoproblema.com.br\/wp-content\/uploads\/2011\/10\/Elba-Ramalho-940x198.jpg"},"full":{"file":"Elba-Ramalho.jpg","width":2215,"height":1294,"mime_type":"image\/jpeg","source_url":"http:\/\/oxisdoproblema.com.br\/wp-content\/uploads\/2011\/10\/Elba-Ramalho.jpg"}},"image_meta":{"aperture":"0","credit":"","camera":"CanoScan LiDE 110","caption":"","created_timestamp":"1318008488","copyright":"","focal_length":"0","iso":"0","shutter_speed":"0","title":""}},"post":512,"source_url":"http:\/\/oxisdoproblema.com.br\/wp-content\/uploads\/2011\/10\/Elba-Ramalho.jpg","_links":{"self":[{"href":"http:\/\/oxisdoproblema.com.br\/index.php?rest_route=\/wp\/v2\/media\/515"}],"collection":[{"href":"http:\/\/oxisdoproblema.com.br\/index.php?rest_route=\/wp\/v2\/media"}],"about":[{"href":"http:\/\/oxisdoproblema.com.br\/index.php?rest_route=\/wp\/v2\/types\/attachment"}],"author":[{"embeddable":true,"href":"http:\/\/oxisdoproblema.com.br\/index.php?rest_route=\/wp\/v2\/users\/1"}],"replies":[{"embeddable":true,"href":"http:\/\/oxisdoproblema.com.br\/index.php?rest_route=%2Fwp%2Fv2%2Fcomments&post=515"}]}}

<p>Espetáculo da Elba Ramalho na abertura da 46a. Feira de Livros de Frankfurt. Teve gente que não achou o espetáculo digno do Brasil&#8230;</p>
