{"id":493,"date":"2011-10-06T17:13:31","date_gmt":"2011-10-06T20:13:31","guid":{"rendered":"http:\/\/oxisdoproblema.com.br\/wp-content\/uploads\/2011\/10\/presidente-da-Alemanha.jpg"},"modified":"2011-10-06T17:13:31","modified_gmt":"2011-10-06T20:13:31","slug":"presidente-da-alemanha","status":"inherit","type":"attachment","link":"http:\/\/oxisdoproblema.com.br\/?attachment_id=493","title":{"rendered":"presidente da Alemanha"},"author":1,"comment_status":"open","ping_status":"open","template":"","meta":[],"description":{"rendered":"<p class=\"attachment\"><a onclick=\"javascript:pageTracker._trackPageview('\/downloads\/wp-content\/uploads\/2011\/10\/presidente-da-Alemanha.jpg');\"  href='http:\/\/oxisdoproblema.com.br\/wp-content\/uploads\/2011\/10\/presidente-da-Alemanha.jpg'><img width=\"300\" height=\"207\" src=\"http:\/\/oxisdoproblema.com.br\/wp-content\/uploads\/2011\/10\/presidente-da-Alemanha-300x207.jpg\" class=\"attachment-medium size-medium\" alt=\"Roman Herzog, presidente da Alemanha, inaugurou a exposi\u00e7\u00e3o e conversa aqui com Alfredo Weiszflog. O Ministro da Cultura presta aten\u00e7\u00e3o na conversa.\" decoding=\"async\" loading=\"lazy\" srcset=\"http:\/\/oxisdoproblema.com.br\/wp-content\/uploads\/2011\/10\/presidente-da-Alemanha-300x207.jpg 300w, http:\/\/oxisdoproblema.com.br\/wp-content\/uploads\/2011\/10\/presidente-da-Alemanha-1024x707.jpg 1024w, http:\/\/oxisdoproblema.com.br\/wp-content\/uploads\/2011\/10\/presidente-da-Alemanha.jpg 1843w\" sizes=\"(max-width: 300px) 100vw, 300px\" \/><\/a><\/p>\n"},"caption":{"rendered":""},"alt_text":"Roman Herzog, presidente da Alemanha, inaugurou a exposi\u00e7\u00e3o e conversa aqui com Alfredo Weiszflog. O Ministro da Cultura presta aten\u00e7\u00e3o na conversa.","media_type":"image","mime_type":"image\/jpeg","media_details":{"width":"1843","height":"1273","hwstring_small":"height='88' width='128'","file":"2011\/10\/presidente-da-Alemanha.jpg","sizes":{"thumbnail":{"file":"presidente-da-Alemanha-150x150.jpg","width":"150","height":"150","source_url":"http:\/\/oxisdoproblema.com.br\/wp-content\/uploads\/2011\/10\/presidente-da-Alemanha-150x150.jpg"},"medium":{"file":"presidente-da-Alemanha-300x207.jpg","width":"300","height":"207","source_url":"http:\/\/oxisdoproblema.com.br\/wp-content\/uploads\/2011\/10\/presidente-da-Alemanha-300x207.jpg"},"large":{"file":"presidente-da-Alemanha-1024x707.jpg","width":"1024","height":"707","source_url":"http:\/\/oxisdoproblema.com.br\/wp-content\/uploads\/2011\/10\/presidente-da-Alemanha-1024x707.jpg"},"post-thumbnail":{"file":"presidente-da-Alemanha-940x198.jpg","width":"940","height":"198","source_url":"http:\/\/oxisdoproblema.com.br\/wp-content\/uploads\/2011\/10\/presidente-da-Alemanha-940x198.jpg"},"full":{"file":"presidente-da-Alemanha.jpg","width":1843,"height":1273,"mime_type":"image\/jpeg","source_url":"http:\/\/oxisdoproblema.com.br\/wp-content\/uploads\/2011\/10\/presidente-da-Alemanha.jpg"}},"image_meta":{"aperture":"0","credit":"","camera":"CanoScan LiDE 110","caption":"","created_timestamp":"1317920831","copyright":"","focal_length":"0","iso":"0","shutter_speed":"0","title":""}},"post":491,"source_url":"http:\/\/oxisdoproblema.com.br\/wp-content\/uploads\/2011\/10\/presidente-da-Alemanha.jpg","_links":{"self":[{"href":"http:\/\/oxisdoproblema.com.br\/index.php?rest_route=\/wp\/v2\/media\/493"}],"collection":[{"href":"http:\/\/oxisdoproblema.com.br\/index.php?rest_route=\/wp\/v2\/media"}],"about":[{"href":"http:\/\/oxisdoproblema.com.br\/index.php?rest_route=\/wp\/v2\/types\/attachment"}],"author":[{"embeddable":true,"href":"http:\/\/oxisdoproblema.com.br\/index.php?rest_route=\/wp\/v2\/users\/1"}],"replies":[{"embeddable":true,"href":"http:\/\/oxisdoproblema.com.br\/index.php?rest_route=%2Fwp%2Fv2%2Fcomments&post=493"}]}}

<p class="attachment"><a onclick="javascript:pageTracker._trackPageview('/downloads/wp-content/uploads/2011/10/presidente-da-Alemanha.jpg');"  href='http://oxisdoproblema.com.br/wp-content/uploads/2011/10/presidente-da-Alemanha.jpg'><img width="300" height="207" src="http://oxisdoproblema.com.br/wp-content/uploads/2011/10/presidente-da-Alemanha-300x207.jpg" class="attachment-medium size-medium" alt="Roman Herzog, presidente da Alemanha, inaugurou a exposição e conversa aqui com Alfredo Weiszflog. O Ministro da Cultura presta atenção na conversa." decoding="async" loading="lazy" srcset="http://oxisdoproblema.com.br/wp-content/uploads/2011/10/presidente-da-Alemanha-300x207.jpg 300w, http://oxisdoproblema.com.br/wp-content/uploads/2011/10/presidente-da-Alemanha-1024x707.jpg 1024w, http://oxisdoproblema.com.br/wp-content/uploads/2011/10/presidente-da-Alemanha.jpg 1843w" sizes="(max-width: 300px) 100vw, 300px" /></a></p>

Roman Herzog, presidente da Alemanha, inaugurou a exposição e conversa aqui com Alfredo Weiszflog. O Ministro da Cultura presta atenção na conversa.
